{"id":15,"date":"2016-06-19T15:38:48","date_gmt":"2016-06-19T14:38:48","guid":{"rendered":"http:\/\/www.holzfachmarkt-schmitt.de\/?page_id=15"},"modified":"2023-07-17T07:47:32","modified_gmt":"2023-07-17T06:47:32","slug":"impressum","status":"publish","type":"page","link":"https:\/\/www.holzfachmarkt-schmitt.de\/?page_id=15","title":{"rendered":"Impressum"},"content":{"rendered":"<div class=\"large-9 columns\">\n<div><p>Holzfachmarkt Schmitt<br \/>Inhaber des Unternehmens: Monika Schmitt<br \/>Weiherstr. 1<br \/>97633 Gro\u00dfeibstadt<br \/>Deutschland<br \/>Email: <a href=\"mailto:info@holzfachmarkt-schmitt.de\">info@holzfachmarkt-schmitt.de<\/a><br \/>Telefon: +49 9761 396280<br \/>Umsatzsteuer-Identifikationsnummer: DE 252 67 00 99<\/p>\n<p>Verantwortlich f\u00fcr den Inhalt: Monika Schmitt<\/p>\n<\/div>\n<\/div>\n<div><\/div>\n<div><\/div>\n<div class=\"large-9 columns\">\n<div class=\"panel\">Alle hier verwendeten Namen, Begriffe, Zeichen und Grafiken k\u00f6nnen Marken- oder Warenzeichen im Besitze ihrer rechtlichen Eigent\u00fcmer sein. Die Rechte aller erw\u00e4hnten und benutzten Marken- und Warenzeichen liegen ausschlie\u00dflich bei deren Besitzern.<\/p>\n<h5 class=\"subheader\">Rechte an Texten und Bildern:<\/h5>\n<p>Einige der Texte und Bilder die auf dieser Webseite verwendet werden, wurden vom MDH MARKETINGVERBUND F\u00dcR DEUTSCHE HOLZFACHH\u00c4NDLER GMBH bereitgestellt. Alle Texte und das Bildmaterial unterliegen dem Urheberrecht und eine Weiternutzung durch Dritte ohne vorherige Anfrage ist untersagt.<\/p>\n<h5 class=\"subheader\">Firmeninformationen:<\/h5>\n<p>Holzfachmarkt Schmitt<br \/>\nWeiherstra\u00dfe 1<br \/>\n97633 Gro\u00dfeibstadt<br \/>\nDeutschland<\/p>\n<p>Tel.: 09761\/396280<br \/>\nFax: 09761\/396281<br \/>\nEmail: <a href=\"mailto:info@holzfachmarkt-schmitt.de\">info@holzfachmarkt-schmitt.de<\/a><br \/>\nWeb: <a href=\"https:\/\/www.holzfachmarkt-schmitt.de\">https:\/\/www.holzfachmarkt-schmitt.de<\/a><\/p>\n<h5 class=\"subheader\">Rechtliche Angaben:<\/h5>\n<p>Vertretungsberechtigt: Monika Schmitt<br \/>\nUmsatzsteuer-Identifikationsnummer gem\u00e4\u00df \u00a7 27 a Umsatzsteuergesetz: DE 252 67 00 99<br \/>\nRegisternummer: 206 269 61224<br \/>\nInhaltlich Verantwortlicher gem\u00e4\u00df TMG: <a href=\"mailto:monika@holzfachmarkt-schmitt.de\">Monika Schmitt<\/a><\/p>\n<h5 class=\"subheader\">Technische Angaben:<\/h5>\n<p>Technisch Verantwortlicher: <a href=\"mailto:admin@holzfachmarkt-schmitt.de\">Daniel Schmitt<\/a><\/p>\n<\/div>\n<\/div>\n","protected":false},"excerpt":{"rendered":"<p>Alle hier verwendeten Namen, Begriffe, Zeichen und Grafiken k\u00f6nnen Marken- oder Warenzeichen im Besitze ihrer rechtlichen Eigent\u00fcmer sein. Die Rechte aller erw\u00e4hnten und benutzten Marken- und Warenzeichen liegen ausschlie\u00dflich bei deren Besitzern. Rechte an Texten und Bildern: Einige der Texte &hellip; <a href=\"https:\/\/www.holzfachmarkt-schmitt.de\/?page_id=15\">Weiterlesen <span class=\"meta-nav\">&rarr;<\/span><\/a><\/p>\n","protected":false},"author":1,"featured_media":0,"parent":0,"menu_order":0,"comment_status":"closed","ping_status":"closed","template":"","meta":{"footnotes":""},"class_list":["post-15","page","type-page","status-publish","hentry"],"_links":{"self":[{"href":"https:\/\/www.holzfachmarkt-schmitt.de\/index.php?rest_route=\/wp\/v2\/pages\/15","targetHints":{"allow":["GET"]}}],"collection":[{"href":"https:\/\/www.holzfachmarkt-schmitt.de\/index.php?rest_route=\/wp\/v2\/pages"}],"about":[{"href":"https:\/\/www.holzfachmarkt-schmitt.de\/index.php?rest_route=\/wp\/v2\/types\/page"}],"author":[{"embeddable":true,"href":"https:\/\/www.holzfachmarkt-schmitt.de\/index.php?rest_route=\/wp\/v2\/users\/1"}],"replies":[{"embeddable":true,"href":"https:\/\/www.holzfachmarkt-schmitt.de\/index.php?rest_route=%2Fwp%2Fv2%2Fcomments&post=15"}],"version-history":[{"count":5,"href":"https:\/\/www.holzfachmarkt-schmitt.de\/index.php?rest_route=\/wp\/v2\/pages\/15\/revisions"}],"predecessor-version":[{"id":303,"href":"https:\/\/www.holzfachmarkt-schmitt.de\/index.php?rest_route=\/wp\/v2\/pages\/15\/revisions\/303"}],"wp:attachment":[{"href":"https:\/\/www.holzfachmarkt-schmitt.de\/index.php?rest_route=%2Fwp%2Fv2%2Fmedia&parent=15"}],"curies":[{"name":"wp","href":"https:\/\/api.w.org\/{rel}","templated":true}]}}