{"id":13,"date":"2016-06-19T15:36:26","date_gmt":"2016-06-19T14:36:26","guid":{"rendered":"http:\/\/www.holzfachmarkt-schmitt.de\/?page_id=13"},"modified":"2022-11-13T11:19:34","modified_gmt":"2022-11-13T10:19:34","slug":"anfahrt","status":"publish","type":"page","link":"https:\/\/www.holzfachmarkt-schmitt.de\/?page_id=13","title":{"rendered":"Anfahrt"},"content":{"rendered":"\n<p>Unten finden Sie eine Anfahrtsskizze. Unser Laden liegt im Gewerbegebiet &#8222;An der B279&#8220; in Gro\u00dfeibstadt und ist von der Stra\u00dfe deutlich zu sehen. Wir freuen uns Sie bald bei uns zu begr\u00fc\u00dfen!<\/p>\n\n\n\n<h3 class=\"wp-block-heading\">Anfahrtsplan:<\/h3>\n\n\n\n<p><iframe loading=\"lazy\" src=\"https:\/\/mapsengine.google.com\/map\/embed?mid=zeUtF9c3OsRM.ktKe7HaTxEyw\" width=\"100%\" height=\"600px\"><\/iframe><\/p>\n\n\n\n<h3 class=\"wp-block-heading\">Adresse:<\/h3>\n\n\n\n<p>Holzfachmarkt Schmitt &#8211; Weiherstr. 1 &#8211; 97633 Gro\u00dfeibstadt<\/p>\n","protected":false},"excerpt":{"rendered":"<p>Unten finden Sie eine Anfahrtsskizze. Unser Laden liegt im Gewerbegebiet &#8222;An der B279&#8220; in Gro\u00dfeibstadt und ist von der Stra\u00dfe deutlich zu sehen. Wir freuen uns Sie bald bei uns zu begr\u00fc\u00dfen! Anfahrtsplan: Adresse: Holzfachmarkt Schmitt &#8211; Weiherstr. 1 &#8211; &hellip; <a href=\"https:\/\/www.holzfachmarkt-schmitt.de\/?page_id=13\">Weiterlesen <span class=\"meta-nav\">&rarr;<\/span><\/a><\/p>\n","protected":false},"author":1,"featured_media":0,"parent":2,"menu_order":0,"comment_status":"closed","ping_status":"closed","template":"","meta":{"footnotes":""},"class_list":["post-13","page","type-page","status-publish","hentry"],"_links":{"self":[{"href":"https:\/\/www.holzfachmarkt-schmitt.de\/index.php?rest_route=\/wp\/v2\/pages\/13","targetHints":{"allow":["GET"]}}],"collection":[{"href":"https:\/\/www.holzfachmarkt-schmitt.de\/index.php?rest_route=\/wp\/v2\/pages"}],"about":[{"href":"https:\/\/www.holzfachmarkt-schmitt.de\/index.php?rest_route=\/wp\/v2\/types\/page"}],"author":[{"embeddable":true,"href":"https:\/\/www.holzfachmarkt-schmitt.de\/index.php?rest_route=\/wp\/v2\/users\/1"}],"replies":[{"embeddable":true,"href":"https:\/\/www.holzfachmarkt-schmitt.de\/index.php?rest_route=%2Fwp%2Fv2%2Fcomments&post=13"}],"version-history":[{"count":5,"href":"https:\/\/www.holzfachmarkt-schmitt.de\/index.php?rest_route=\/wp\/v2\/pages\/13\/revisions"}],"predecessor-version":[{"id":342,"href":"https:\/\/www.holzfachmarkt-schmitt.de\/index.php?rest_route=\/wp\/v2\/pages\/13\/revisions\/342"}],"up":[{"embeddable":true,"href":"https:\/\/www.holzfachmarkt-schmitt.de\/index.php?rest_route=\/wp\/v2\/pages\/2"}],"wp:attachment":[{"href":"https:\/\/www.holzfachmarkt-schmitt.de\/index.php?rest_route=%2Fwp%2Fv2%2Fmedia&parent=13"}],"curies":[{"name":"wp","href":"https:\/\/api.w.org\/{rel}","templated":true}]}}

<p>Unten finden Sie eine Anfahrtsskizze. Unser Laden liegt im Gewerbegebiet &#8222;An der B279&#8220; in Großeibstadt und ist von der Straße deutlich zu sehen. Wir freuen uns Sie bald bei uns zu begrüßen!</p>



<h3 class="wp-block-heading">Anfahrtsplan:</h3>



<p><iframe loading="lazy" src="https://mapsengine.google.com/map/embed?mid=zeUtF9c3OsRM.ktKe7HaTxEyw" width="100%" height="600px"></iframe></p>



<h3 class="wp-block-heading">Adresse:</h3>



<p>Holzfachmarkt Schmitt &#8211; Weiherstr. 1 &#8211; 97633 Großeibstadt</p>

<p>Unten finden Sie eine Anfahrtsskizze. Unser Laden liegt im Gewerbegebiet &#8222;An der B279&#8220; in Großeibstadt und ist von der Straße deutlich zu sehen. Wir freuen uns Sie bald bei uns zu begrüßen! Anfahrtsplan: Adresse: Holzfachmarkt Schmitt &#8211; Weiherstr. 1 &#8211; &hellip; <a href="https://www.holzfachmarkt-schmitt.de/?page_id=13">Weiterlesen <span class="meta-nav">&rarr;</span></a></p>
